{"id":451,"date":"2022-03-22T17:15:48","date_gmt":"2022-03-22T20:15:48","guid":{"rendered":"https:\/\/www.plantamor.com.br\/compre\/?post_type=product&#038;p=451"},"modified":"2024-02-05T11:42:58","modified_gmt":"2024-02-05T14:42:58","slug":"kit-calmaria","status":"publish","type":"product","link":"https:\/\/www.plantamor.com.br\/compre\/produto\/kit-calmaria\/","title":{"rendered":"KIT CALMARIA"},"content":{"rendered":"<h1 style=\"text-align: center;\"><strong>KIT CALMARIA<\/strong><\/h1>\n<p>&#8211; Blend Calma<br \/>\n&#8211; Blend Aconchego<br \/>\n&#8211; Escalda p\u00e9s Calma<br \/>\n&#8211; Spray terap\u00eautico Emo\u00e7\u00f5es<\/p>\n<p>O kit \u201cCalmaria\u201d foi selecionado especialmente para te ajudar a relaxar e acalmar&#8230; Feito todinho com plantas calmantes e super cheirosas, para buscar um momento de respiro e tranquilidade!<br \/>\nMerecemos, n\u00e9?<\/p>\n<p>O Spray Terap\u00eautico Emo\u00e7\u00f5es traz equil\u00edbrio energ\u00e9tico e pode ser utilizado durante todo o dia e \u00e0 noite, para auxiliar numa boa noite de sono.<br \/>\n&#8211; Pode ser aplicado no ambiente, nas roupas de banho e cama ou no pr\u00f3prio corpo, como um perfume natural.<\/p>\n<p>O escalda p\u00e9s Calma \u00e9 um escalda p\u00e9s terap\u00eautico que atua em n\u00edvel energ\u00e9tico e f\u00edsico, trazendo tranquilidade e diminuindo dores no corpo.<br \/>\n&#8211; Adicione em um recipiente 02 litros de \u00e1gua morna e 01 colher de sopa do escalda-p\u00e9s. Permane\u00e7a com os p\u00e9s submersos na \u00e1gua por 10 a 20 minutos.<\/p>\n<p>O Blend Aconchego \u00e9 o ch\u00e1 ideal para tomar em momentos de autocuidado, em dias de pregui\u00e7a, de chuva ou de frio. Possui energia e inten\u00e7\u00e3o de cura e aconchego, para elevar a energia do corpo e trazer sensa\u00e7\u00e3o de bem estar.<br \/>\n&#8211; Pode ser utilizado de dia, ou \u00e0 noite.<\/p>\n<p>O Blend Calma \u00e9 ideal para momentos em que se precisa de relaxamento e calmaria. Auxilia em casos de ins\u00f4nia, ajudando no relaxamento do f\u00edsico, mas tamb\u00e9m da mente, fazendo que o sono dure por mais tempo.<br \/>\n&#8211; Pode ser utilizado antes de dormir.<\/p>\n","protected":false},"excerpt":{"rendered":"<p>KIT CALMARIA &#8211; Blend Calma &#8211; Blend Aconchego &#8211; Escalda p\u00e9s Calma &#8211; Spray terap\u00eautico Emo\u00e7\u00f5es O kit \u201cCalmaria\u201d foi selecionado especialmente para te ajudar a relaxar e acalmar&#8230; Feito todinho com plantas calmantes e super cheirosas, para buscar um momento de respiro e tranquilidade! Merecemos, n\u00e9? O Spray Terap\u00eautico Emo\u00e7\u00f5es traz equil\u00edbrio energ\u00e9tico e &#8230;<\/p>\n","protected":false},"featured_media":452,"template":"","meta":[],"product_brand":[],"product_cat":[41],"product_tag":[48],"class_list":{"0":"post-451","1":"product","2":"type-product","3":"status-publish","4":"has-post-thumbnail","6":"product_cat-kits","7":"product_tag-kit-calmaria","9":"first","10":"outofstock","11":"sale","12":"shipping-taxable","13":"purchasable","14":"product-type-simple"},"_links":{"self":[{"href":"https:\/\/www.plantamor.com.br\/compre\/wp-json\/wp\/v2\/product\/451","targetHints":{"allow":["GET"]}}],"collection":[{"href":"https:\/\/www.plantamor.com.br\/compre\/wp-json\/wp\/v2\/product"}],"about":[{"href":"https:\/\/www.plantamor.com.br\/compre\/wp-json\/wp\/v2\/types\/product"}],"version-history":[{"count":2,"href":"https:\/\/www.plantamor.com.br\/compre\/wp-json\/wp\/v2\/product\/451\/revisions"}],"predecessor-version":[{"id":3550,"href":"https:\/\/www.plantamor.com.br\/compre\/wp-json\/wp\/v2\/product\/451\/revisions\/3550"}],"wp:featuredmedia":[{"embeddable":true,"href":"https:\/\/www.plantamor.com.br\/compre\/wp-json\/wp\/v2\/media\/452"}],"wp:attachment":[{"href":"https:\/\/www.plantamor.com.br\/compre\/wp-json\/wp\/v2\/media?parent=451"}],"wp:term":[{"taxonomy":"product_brand","embeddable":true,"href":"https:\/\/www.plantamor.com.br\/compre\/wp-json\/wp\/v2\/product_brand?post=451"},{"taxonomy":"product_cat","embeddable":true,"href":"https:\/\/www.plantamor.com.br\/compre\/wp-json\/wp\/v2\/product_cat?post=451"},{"taxonomy":"product_tag","embeddable":true,"href":"https:\/\/www.plantamor.com.br\/compre\/wp-json\/wp\/v2\/product_tag?post=451"}],"curies":[{"name":"wp","href":"https:\/\/api.w.org\/{rel}","templated":true}]}}