{"id":37,"date":"2021-12-23T14:21:06","date_gmt":"2021-12-23T17:21:06","guid":{"rendered":"http:\/\/compre.plantamor.com.br\/?p=37"},"modified":"2024-02-05T11:44:53","modified_gmt":"2024-02-05T14:44:53","slug":"peach-unicorn-tears","status":"publish","type":"product","link":"https:\/\/www.plantamor.com.br\/compre\/produto\/peach-unicorn-tears\/","title":{"rendered":"Escalda-p\u00e9s Ser da Terra"},"content":{"rendered":"<h1 style=\"text-align: center;\"><strong>ESCALDA P\u00c9S SER DA TERRA<\/strong><\/h1>\n<p><strong>\u00a0<\/strong>O escalda p\u00e9s Ser da Terra \u00e9 um escalda p\u00e9s terap\u00eautico estimulante, atuando em n\u00edvel energ\u00e9tico e f\u00edsico. Atua no equil\u00edbrio do organismo, \u00e9 diur\u00e9tico e pode ser usado em momentos de fadiga e desorienta\u00e7\u00e3o.<\/p>\n<p>Utilize o escalda p\u00e9s quando necessitar de relaxamento e cuidado, o mais longe poss\u00edvel de interfer\u00eancias externas e usufruindo desse momento especial, s\u00f3 seu.<\/p>\n<p><strong>Modo de uso:<\/strong> Adicione em um recipiente 02 litros de \u00e1gua morna e 01 colher de sopa do escalda-p\u00e9s. Permane\u00e7a com os p\u00e9s submersos na \u00e1gua por 10 a 20 minutos.<\/p>\n<p>O calor da \u00e1gua libera a energia dormente das plantas, tornando-as poderosas ferramentas terap\u00eauticas.<\/p>\n<p><strong>Composi\u00e7\u00e3o:<\/strong> sal grosso, manjeric\u00e3o, casca de laranja e salsa<\/p>\n","protected":false},"excerpt":{"rendered":"<p><strong>\u00a0<\/strong>O escalda p\u00e9s Ser da Terra \u00e9 um escalda p\u00e9s terap\u00eautico estimulante, atuando em n\u00edvel energ\u00e9tico e f\u00edsico. Atua no equil\u00edbrio do organismo, \u00e9 diur\u00e9tico e pode ser usado em momentos de fadiga e desorienta\u00e7\u00e3o. Utilize o escalda p\u00e9s quando necessitar de relaxamento e cuidado, o mais longe poss\u00edvel de interfer\u00eancias externas e usufruindo desse momento especial, s\u00f3 seu.<\/p>\n","protected":false},"featured_media":206,"template":"","meta":[],"product_brand":[],"product_cat":[16],"product_tag":[39],"class_list":{"0":"post-37","1":"product","2":"type-product","3":"status-publish","4":"has-post-thumbnail","6":"product_cat-skin-care","7":"product_tag-escalda-pes","9":"first","10":"instock","11":"sale","12":"shipping-taxable","13":"purchasable","14":"product-type-simple"},"_links":{"self":[{"href":"https:\/\/www.plantamor.com.br\/compre\/wp-json\/wp\/v2\/product\/37","targetHints":{"allow":["GET"]}}],"collection":[{"href":"https:\/\/www.plantamor.com.br\/compre\/wp-json\/wp\/v2\/product"}],"about":[{"href":"https:\/\/www.plantamor.com.br\/compre\/wp-json\/wp\/v2\/types\/product"}],"version-history":[{"count":2,"href":"https:\/\/www.plantamor.com.br\/compre\/wp-json\/wp\/v2\/product\/37\/revisions"}],"predecessor-version":[{"id":3546,"href":"https:\/\/www.plantamor.com.br\/compre\/wp-json\/wp\/v2\/product\/37\/revisions\/3546"}],"wp:featuredmedia":[{"embeddable":true,"href":"https:\/\/www.plantamor.com.br\/compre\/wp-json\/wp\/v2\/media\/206"}],"wp:attachment":[{"href":"https:\/\/www.plantamor.com.br\/compre\/wp-json\/wp\/v2\/media?parent=37"}],"wp:term":[{"taxonomy":"product_brand","embeddable":true,"href":"https:\/\/www.plantamor.com.br\/compre\/wp-json\/wp\/v2\/product_brand?post=37"},{"taxonomy":"product_cat","embeddable":true,"href":"https:\/\/www.plantamor.com.br\/compre\/wp-json\/wp\/v2\/product_cat?post=37"},{"taxonomy":"product_tag","embeddable":true,"href":"https:\/\/www.plantamor.com.br\/compre\/wp-json\/wp\/v2\/product_tag?post=37"}],"curies":[{"name":"wp","href":"https:\/\/api.w.org\/{rel}","templated":true}]}}