{"id":198,"date":"2022-02-28T18:32:52","date_gmt":"2022-02-28T21:32:52","guid":{"rendered":"http:\/\/compre.plantamor.com.br\/?post_type=product&#038;p=198"},"modified":"2024-02-05T11:43:31","modified_gmt":"2024-02-05T14:43:31","slug":"blend-cha-xo-preguica","status":"publish","type":"product","link":"https:\/\/www.plantamor.com.br\/compre\/produto\/blend-cha-xo-preguica\/","title":{"rendered":"Blend &#8211; Ch\u00e1 x\u00f4 pregui\u00e7a"},"content":{"rendered":"<h1 style=\"text-align: center;\">BLEND X\u00d4 PREGUI\u00c7A<\/h1>\n<p style=\"text-align: center;\"><em>N\u00e3o tem desculpa que resista a esse ch\u00e1!<\/em><\/p>\n<p><strong>Composi\u00e7\u00e3o:<\/strong><br \/>\nNibs de cacau <em>(Theobromacacao)**<\/em><br \/>\nCh\u00e1 preto <em>(Camelliasinensis)**<\/em><br \/>\n<em>Ginkgo biloba**<\/em><br \/>\nAlecrim<em> (Salviarosmarinus)*<\/em><\/p>\n<p>&nbsp;<\/p>\n<p>*Produ\u00e7\u00e3o agroecol\u00f3gica pr\u00f3pria<br \/>\n**Adquirido de produtor locais, agroecol\u00f3gicos e\/ou org\u00e2nicos<\/p>\n<p>&nbsp;<\/p>\n<p>O Blend #X\u00f4 Pregui\u00e7a \u00e9 um blend estimulante que foi desenvolvido com base naqueles dias pregui\u00e7osos que a gente n\u00e3o quer sair da cama e o pijama \u00e9 o melhor look. Mas, nem sempre \u00e9 poss\u00edvel, ent\u00e3o faz uma x\u00edcara de ch\u00e1 e bora fazer o que precisa!<\/p>\n<p>A composi\u00e7\u00e3o deste ch\u00e1, al\u00e9m de estimulante, \u00e9 termog\u00eanica, acelera o metabolismo e auxilia no foco, concentra\u00e7\u00e3o e mem\u00f3ria!<\/p>\n<p><strong><br \/>\nSENSORIAL:<\/strong> blend de cor escura, sensa\u00e7\u00e3o adstringente, aroma herbal com fundo de cacau e sabor intenso, herbal e levemente amargo.<\/p>\n","protected":false},"excerpt":{"rendered":"<p>O Blend #X\u00f4 Pregui\u00e7a \u00e9 um blend estimulante que foi desenvolvido com base naqueles dias pregui\u00e7osos que a gente n\u00e3o quer sair da cama e o pijama \u00e9 o melhor look. Mas, nem sempre \u00e9 poss\u00edvel, ent\u00e3o faz uma x\u00edcara de ch\u00e1 e bora fazer o que precisa!<\/p>\n","protected":false},"featured_media":214,"template":"","meta":[],"product_brand":[],"product_cat":[17],"product_tag":[],"class_list":{"0":"post-198","1":"product","2":"type-product","3":"status-publish","4":"has-post-thumbnail","6":"product_cat-chas","8":"first","9":"instock","10":"sale","11":"shipping-taxable","12":"purchasable","13":"product-type-simple"},"_links":{"self":[{"href":"https:\/\/www.plantamor.com.br\/compre\/wp-json\/wp\/v2\/product\/198","targetHints":{"allow":["GET"]}}],"collection":[{"href":"https:\/\/www.plantamor.com.br\/compre\/wp-json\/wp\/v2\/product"}],"about":[{"href":"https:\/\/www.plantamor.com.br\/compre\/wp-json\/wp\/v2\/types\/product"}],"version-history":[{"count":1,"href":"https:\/\/www.plantamor.com.br\/compre\/wp-json\/wp\/v2\/product\/198\/revisions"}],"predecessor-version":[{"id":3517,"href":"https:\/\/www.plantamor.com.br\/compre\/wp-json\/wp\/v2\/product\/198\/revisions\/3517"}],"wp:featuredmedia":[{"embeddable":true,"href":"https:\/\/www.plantamor.com.br\/compre\/wp-json\/wp\/v2\/media\/214"}],"wp:attachment":[{"href":"https:\/\/www.plantamor.com.br\/compre\/wp-json\/wp\/v2\/media?parent=198"}],"wp:term":[{"taxonomy":"product_brand","embeddable":true,"href":"https:\/\/www.plantamor.com.br\/compre\/wp-json\/wp\/v2\/product_brand?post=198"},{"taxonomy":"product_cat","embeddable":true,"href":"https:\/\/www.plantamor.com.br\/compre\/wp-json\/wp\/v2\/product_cat?post=198"},{"taxonomy":"product_tag","embeddable":true,"href":"https:\/\/www.plantamor.com.br\/compre\/wp-json\/wp\/v2\/product_tag?post=198"}],"curies":[{"name":"wp","href":"https:\/\/api.w.org\/{rel}","templated":true}]}}