{"id":185,"date":"2022-02-28T18:16:08","date_gmt":"2022-02-28T21:16:08","guid":{"rendered":"http:\/\/compre.plantamor.com.br\/?post_type=product&#038;p=185"},"modified":"2024-02-05T11:44:08","modified_gmt":"2024-02-05T14:44:08","slug":"blend-cha-da-sorte","status":"publish","type":"product","link":"https:\/\/www.plantamor.com.br\/compre\/produto\/blend-cha-da-sorte\/","title":{"rendered":"Blend &#8211; Ch\u00e1 da sorte"},"content":{"rendered":"<h1 style=\"text-align: center;\">BLEND CH\u00c1 DA SORTE<\/h1>\n<p style=\"text-align: center;\"><em>O ch\u00e1 para quem precisa de um up na vida!<\/em><\/p>\n<p><strong>Composi\u00e7\u00e3o:<\/strong><br \/>\nAlecrim <em>(Salvia rosmarinus)*<\/em><br \/>\nLouro <em>(Laurus nobilis)*<\/em><br \/>\nManjeric\u00e3o <em>(Ocimum basilicum)*<\/em><br \/>\nSalvia <em>(Salvia officinalis)**<\/em><\/p>\n<p>*Produ\u00e7\u00e3o agroecol\u00f3gica pr\u00f3pria<br \/>\n**Adquirido de produtor locais, agroecol\u00f3gicos e\/ou org\u00e2nicos<\/p>\n<p>O Blend Ch\u00e1 da Sorte \u00e9 um blend estimulante e termog\u00eanico, mas na medida certa! \u00c9 aquele ch\u00e1 que voc\u00ea escolhe se precisa trabalhar a noite, mas n\u00e3o quer perder o sono&#8230; Ou se precisa entregar um trabalho da faculdade e n\u00e3o quer se estressar com isso!<br \/>\nEle auxilia no est\u00edmulo mental, mas sem te deixar agitada e com ins\u00f4nia!<\/p>\n<p><strong>SENSORIAL:<\/strong> blend com aroma e sabor herbal e com colora\u00e7\u00e3o leve. \u00c9 refrescante e com sensorial leve.<\/p>\n","protected":false},"excerpt":{"rendered":"<p>O Blend Ch\u00e1 da Sorte \u00e9 um blend estimulante e termog\u00eanico, mas na medida certa! \u00c9 aquele ch\u00e1 que voc\u00ea escolhe se precisa trabalhar a noite, mas n\u00e3o quer perder o sono&#8230; Ou se precisa entregar um trabalho da faculdade e n\u00e3o quer se estressar com isso!<br \/>\nEle auxilia no est\u00edmulo mental, mas sem te deixar agitada e com ins\u00f4nia!<\/p>\n","protected":false},"featured_media":231,"template":"","meta":[],"product_brand":[],"product_cat":[17],"product_tag":[],"class_list":{"0":"post-185","1":"product","2":"type-product","3":"status-publish","4":"has-post-thumbnail","6":"product_cat-chas","8":"first","9":"outofstock","10":"sale","11":"shipping-taxable","12":"purchasable","13":"product-type-simple"},"_links":{"self":[{"href":"https:\/\/www.plantamor.com.br\/compre\/wp-json\/wp\/v2\/product\/185","targetHints":{"allow":["GET"]}}],"collection":[{"href":"https:\/\/www.plantamor.com.br\/compre\/wp-json\/wp\/v2\/product"}],"about":[{"href":"https:\/\/www.plantamor.com.br\/compre\/wp-json\/wp\/v2\/types\/product"}],"version-history":[{"count":1,"href":"https:\/\/www.plantamor.com.br\/compre\/wp-json\/wp\/v2\/product\/185\/revisions"}],"predecessor-version":[{"id":3530,"href":"https:\/\/www.plantamor.com.br\/compre\/wp-json\/wp\/v2\/product\/185\/revisions\/3530"}],"wp:featuredmedia":[{"embeddable":true,"href":"https:\/\/www.plantamor.com.br\/compre\/wp-json\/wp\/v2\/media\/231"}],"wp:attachment":[{"href":"https:\/\/www.plantamor.com.br\/compre\/wp-json\/wp\/v2\/media?parent=185"}],"wp:term":[{"taxonomy":"product_brand","embeddable":true,"href":"https:\/\/www.plantamor.com.br\/compre\/wp-json\/wp\/v2\/product_brand?post=185"},{"taxonomy":"product_cat","embeddable":true,"href":"https:\/\/www.plantamor.com.br\/compre\/wp-json\/wp\/v2\/product_cat?post=185"},{"taxonomy":"product_tag","embeddable":true,"href":"https:\/\/www.plantamor.com.br\/compre\/wp-json\/wp\/v2\/product_tag?post=185"}],"curies":[{"name":"wp","href":"https:\/\/api.w.org\/{rel}","templated":true}]}}