{"id":121,"date":"2021-12-26T21:08:59","date_gmt":"2021-12-27T00:08:59","guid":{"rendered":"http:\/\/compre.plantamor.com.br\/?post_type=product&#038;p=121"},"modified":"2024-02-05T11:44:45","modified_gmt":"2024-02-05T14:44:45","slug":"spray-herbal","status":"publish","type":"product","link":"https:\/\/www.plantamor.com.br\/compre\/produto\/spray-herbal\/","title":{"rendered":"Spray Herbal"},"content":{"rendered":"<h1 style=\"text-align: center;\"><strong>HERBAL<\/strong><\/h1>\n<p>Spray terap\u00eautico que estimula energeticamente a mente e o corpo e traz sensa\u00e7\u00e3o de \u00e2nimo e confian\u00e7a. Ideal para estudos, por estimular a concentra\u00e7\u00e3o, a mem\u00f3ria e o foco. Tamb\u00e9m pode ser usado em momentos em que necessita de coragem e vitalidade.<\/p>\n<p><strong>Modo de usar: <\/strong>O spray terap\u00eautico pode ser usado no ambiente, como aromatizador, no corpo como um perfume suave, al\u00e9m de poder ser usado em roupas de cama e banho.<\/p>\n<p><strong>COMPOSI\u00c7\u00c3O:<\/strong> tintura vegetal de hortel\u00e3 e manjeric\u00e3o, \u00f3leo essencial de <em>mentha arvencis<\/em>, alecrim e cedro.<\/p>\n","protected":false},"excerpt":{"rendered":"<p>Spray terap\u00eautico que estimula energeticamente a mente e o corpo e traz sensa\u00e7\u00e3o de \u00e2nimo e confian\u00e7a. Ideal para estudos, por estimular a concentra\u00e7\u00e3o, a mem\u00f3ria e o foco. Tamb\u00e9m pode ser usado em momentos em que necessita de coragem e vitalidade.<\/p>\n","protected":false},"featured_media":212,"template":"","meta":[],"product_brand":[],"product_cat":[27],"product_tag":[29],"class_list":{"0":"post-121","1":"product","2":"type-product","3":"status-publish","4":"has-post-thumbnail","6":"product_cat-sprays-terapeuticos","7":"product_tag-spray-terapeutico","9":"first","10":"instock","11":"sale","12":"shipping-taxable","13":"purchasable","14":"product-type-simple"},"_links":{"self":[{"href":"https:\/\/www.plantamor.com.br\/compre\/wp-json\/wp\/v2\/product\/121","targetHints":{"allow":["GET"]}}],"collection":[{"href":"https:\/\/www.plantamor.com.br\/compre\/wp-json\/wp\/v2\/product"}],"about":[{"href":"https:\/\/www.plantamor.com.br\/compre\/wp-json\/wp\/v2\/types\/product"}],"version-history":[{"count":1,"href":"https:\/\/www.plantamor.com.br\/compre\/wp-json\/wp\/v2\/product\/121\/revisions"}],"predecessor-version":[{"id":3543,"href":"https:\/\/www.plantamor.com.br\/compre\/wp-json\/wp\/v2\/product\/121\/revisions\/3543"}],"wp:featuredmedia":[{"embeddable":true,"href":"https:\/\/www.plantamor.com.br\/compre\/wp-json\/wp\/v2\/media\/212"}],"wp:attachment":[{"href":"https:\/\/www.plantamor.com.br\/compre\/wp-json\/wp\/v2\/media?parent=121"}],"wp:term":[{"taxonomy":"product_brand","embeddable":true,"href":"https:\/\/www.plantamor.com.br\/compre\/wp-json\/wp\/v2\/product_brand?post=121"},{"taxonomy":"product_cat","embeddable":true,"href":"https:\/\/www.plantamor.com.br\/compre\/wp-json\/wp\/v2\/product_cat?post=121"},{"taxonomy":"product_tag","embeddable":true,"href":"https:\/\/www.plantamor.com.br\/compre\/wp-json\/wp\/v2\/product_tag?post=121"}],"curies":[{"name":"wp","href":"https:\/\/api.w.org\/{rel}","templated":true}]}}